{"id":14,"date":"2021-03-31T18:15:16","date_gmt":"2021-03-31T18:15:16","guid":{"rendered":"https:\/\/therapie-und-mehr.at\/?page_id=14"},"modified":"2021-11-30T20:02:00","modified_gmt":"2021-11-30T20:02:00","slug":"impressum","status":"publish","type":"page","link":"https:\/\/therapie-und-mehr.at\/?page_id=14","title":{"rendered":"Impressum"},"content":{"rendered":"\n<p>Verantwortlicher Redakteur und Webmaster f\u00fcr die Planung,<br>Realisierung und Betreuung der Internetinhalte sowie f\u00fcr die<br>Administration der Domain ist:<\/p>\n\n\n\n<p>Werner Richter<\/p>\n\n\n\n<p><a href=\"mailto:info@therapie-und-mehr.at\">info@therapie-und-mehr.at<\/a><br>Telefon: 0676 6041503<\/p>\n\n\n\n<p><strong>Br\u00fcnner Stra\u00dfe 13\/1\/13+14 &#8211; 1210 Wien<\/strong><\/p>\n\n\n\n<p>Informationen gem\u00e4\u00df Art. 13 Datenschutz-Grundverordnung (DSGVO)<\/p>\n\n\n\n<p>Wenn Sie mit unserer Praxisgemeinschaft Kontakt aufnehmen und evtl. auch als Patient\/Patientin oder Klient\/Klientin behandelt werden, informieren wir Sie \u00fcber die folgenden Verfahrensabl\u00e4ufe, die wir gem\u00e4\u00df der ab 25.5.2018 g\u00fcltigen DSGVO einhalten (und auch bereits bisher weitgehend so gehandhabt haben):\u00a0<em>Name der Datenverarbeitung: Patienten\/Klienten-Verwaltung<\/em>\u00a0<\/p>\n\n\n\n<p><strong>Umfasste Datenkategorien<br><\/strong>Ihre personenbezogenen Daten, die unter folgende Datenkategorien fallen k\u00f6nnen: Titel, Name, Anschrift, Geburtsdatum, Geburtsort, Telefonnummer, Staatsangeh\u00f6rigkeit, Geschlecht, Sozialversicherungstr\u00e4ger oder sonstiger Kostentr\u00e4ger, Sozialversicherungsnummer, Geb\u00fchrenbefreiungen, Name und Sozialversicherungsnummer des Hauptversicherten, Art des Besch\u00e4ftigungsverh\u00e4ltnisses, Name und Anschrift des Arbeitsgebers, Zeitpunkt und Art der Inanspruchnahme der Behandlung, Anlass der Behandlung, Veranlasser der Behandlung, medizinischer Zustand w\u00e4hrend der Behandlung, besondere Risikofaktoren (z.B. Allergien), Krankengeschichte und dazugeh\u00f6rige Befunde, (Verdachts-)Diagnosen w\u00e4hrend des Behandlungsverlaufes, Beschreibung des Krankheitsverlaufs, Daten zur Verschreibung, Abgabe und Anwendung von Arzneimitteln, Heilbehelfen und Hilfsmitteln sowie evtl. in der Ordination entnommene Blut , Gewebe oder sonstige Proben werden nur soweit gesammelt, wie es f\u00fcr die fach\u00e4rztliche bzw. therapeutische Behandlungen sowie f\u00fcr administrative Bedarfszwecke notwendig ist.<\/p>\n\n\n\n<p><strong>Zweck der Datenverarbeitung<\/strong><br>Der Zweck dieser Datenverarbeitung ist einerseits die medizinische bzw. therapeutische Diagnostik und Behandlung im Gesundheitsbereich und andererseits die Erf\u00fcllung der gesetzlichen Dokumentationspflicht.<\/p>\n\n\n\n<p><strong>Rechtsgrundlagen f\u00fcr die Datenverarbeitung<\/strong><br>a) Rechtsgrundlage: rechtliche Verpflichtung<br>Wir m\u00fcssen Patienten\/Klientendaten, die wir von Ihnen erhalten, aufgrund einer gesetzlichen Verpflichtung verarbeiten, und zwar aufgrund der \u00e4rztlichen Dokumentationspflicht lt. \u00a751 \u00c4rztegesetz 1998 bzw. jener f\u00fcr Psychotherapeuten lt. \u00a716a Psychotherapiegesetz 1990). Gegebenenfalls erfolgt auch eine \u00dcbermittlung von Daten aufgrund gesetzlicher Verpflichtung an Beh\u00f6rden oder Gerichte (z.B. auf Basis des Epidemiegesetzes, der StPO, der Anzeigepflicht gem\u00e4\u00df \u00c4rztegesetz 1998).<\/p>\n\n\n\n<p>b) Rechtsgrundlage: Art. 9 Abs. 2 lit. h iVm Abs. 3 DSGVO<br>Gem\u00e4\u00df Art. 9 Abs. 2 lit. h iVm Abs. 3 DSGVO ist die Verarbeitung von Gesundheitsdaten f\u00fcr Zwecke der medizinischen Diagnostik und der Behandlung im Gesundheitsbereich aufgrund eines Vertrages mit einem Angeh\u00f6rigen eines Gesundheitsberufs zul\u00e4ssig, wenn diese Daten von Fachpersonal oder unter dessen Verantwortung verarbeitet werden und dieses Fachpersonal einem gesetzlichen Berufsgeheimnis unterliegt.<\/p>\n\n\n\n<p><strong>Quelle der Daten<\/strong><br>Sofern die Daten nicht unmittelbar in der Ordination\/Praxisgemeinschaft erhoben werden, erhalten wir diese im Falle der medizinischen bzw. therapeutischen Notwendigkeit nach Abschluss des Behandlungsvertrages von Gesundheitseinrichtungen, bei denen Sie in einem Behandlungsverh\u00e4ltnis (Behandlungsvertrag) stehen oder standen. Diese Daten werden von Fachpersonal oder unter dessen Verantwortung verarbeitet und dieses Fachpersonal unterliegt einem gesetzlichen Berufsgeheimnis (Art. 9 Abs. 2 lit. h iVm Abs. 3 DSGVO).<\/p>\n\n\n\n<p><strong>Empf\u00e4nger der Daten<\/strong><br>Wir geben Ihre Daten gem\u00e4\u00df Art. 9 Abs. 2 lit. h iVm Abs. 3 DSGVO an folgende Empf\u00e4nger bzw. Empf\u00e4ngerkategorien weiter:<br>\u2022 Zuweiser bzw. Ihren Hausarzt\/Haus\u00e4rztin<br>\u2022 Krankenanstalten, bei denen Sie in Behandlung sind oder waren<br>Gegebenenfalls erfolgt auch eine \u00dcbermittlung von Daten aufgrund gesetzlicher Verpflichtung an Beh\u00f6rden oder Gerichte (z.B. auf Basis des Epidemiegesetzes, der StPO, der Anzeigepflicht lt. \u00c4rztegesetz 1998).<\/p>\n\n\n\n<p><strong>Speicherdauer\/L\u00f6schungsfrist<\/strong><br>Wir speichern Ihre Daten 30 Jahre ab dem letzten Patientenkontakt.<\/p>\n\n\n\n<p><strong>Auftragsverarbeiter<\/strong><br>F\u00fcr diese Datenverarbeitung ziehen wir Auftragsverarbeiter heran.<\/p>\n\n\n\n<p><strong>Kontaktdaten<\/strong><br>Sie erreichen uns unter folgenden Kontaktdaten:<br>Praxisgemeinschaft Dr. Richter<br>1210 Wien, Br\u00fcnner Stra\u00dfe 13\/1\/13+14<br><a href=\"file:\/\/\/C:\/Kerstin\/therapie_website\/website\/mailto.info@therapie-und-mehr.at\">info@therapie-und-mehr.at<\/a><\/p>\n\n\n\n<p><strong>Rechtsbehelfsbelehrung<\/strong><br>Ihnen stehen grunds\u00e4tzlich die Rechte auf Auskunft, Berichtigung, Einschr\u00e4nkung, Daten\u00fcbertragbarkeit und Widerspruch zu. Daf\u00fcr wenden Sie sich an uns. Das Recht auf L\u00f6schung Ihrer Daten aus der Patientenverwaltung steht Ihnen aufgrund der gesetzlichen Dokumentationspflicht lt. \u00a7 51 \u00c4rztegesetz 1998 bzw. \u00a716a Psychotherapiegesetz 1990 in der Regel nicht zu.<\/p>\n\n\n\n<p>Wenn Sie glauben, dass die Verarbeitung Ihrer Daten gegen das Datenschutzrecht verst\u00f6\u00dft oder Ihre datenschutzrechtlichen Anspr\u00fcche sonst in einer Weise verletzt worden sind, k\u00f6nnen Sie sich bei der Aufsichtsbeh\u00f6rde beschweren. In \u00d6sterreich ist die Datenschutzbeh\u00f6rde zust\u00e4ndig.<\/p>\n","protected":false},"excerpt":{"rendered":"<p>Verantwortlicher Redakteur und Webmaster f\u00fcr die Planung,Realisierung und Betreuung der Internetinhalte sowie f\u00fcr dieAdministration der Domain ist: Werner Richter info@therapie-und-mehr.atTelefon: 0676 6041503 Br\u00fcnner Stra\u00dfe 13\/1\/13+14 &#8211; 1210 Wien Informationen gem\u00e4\u00df Art. 13 Datenschutz-Grundverordnung (DSGVO) Wenn Sie mit unserer Praxisgemeinschaft Kontakt aufnehmen und evtl. auch als Patient\/Patientin oder Klient\/Klientin behandelt werden, informieren wir Sie \u00fcber die [&hellip;]<\/p>\n","protected":false},"author":1,"featured_media":0,"parent":0,"menu_order":0,"comment_status":"closed","ping_status":"closed","template":"","meta":[],"_links":{"self":[{"href":"https:\/\/therapie-und-mehr.at\/index.php?rest_route=\/wp\/v2\/pages\/14"}],"collection":[{"href":"https:\/\/therapie-und-mehr.at\/index.php?rest_route=\/wp\/v2\/pages"}],"about":[{"href":"https:\/\/therapie-und-mehr.at\/index.php?rest_route=\/wp\/v2\/types\/page"}],"author":[{"embeddable":true,"href":"https:\/\/therapie-und-mehr.at\/index.php?rest_route=\/wp\/v2\/users\/1"}],"replies":[{"embeddable":true,"href":"https:\/\/therapie-und-mehr.at\/index.php?rest_route=%2Fwp%2Fv2%2Fcomments&post=14"}],"version-history":[{"count":3,"href":"https:\/\/therapie-und-mehr.at\/index.php?rest_route=\/wp\/v2\/pages\/14\/revisions"}],"predecessor-version":[{"id":279,"href":"https:\/\/therapie-und-mehr.at\/index.php?rest_route=\/wp\/v2\/pages\/14\/revisions\/279"}],"wp:attachment":[{"href":"https:\/\/therapie-und-mehr.at\/index.php?rest_route=%2Fwp%2Fv2%2Fmedia&parent=14"}],"curies":[{"name":"wp","href":"https:\/\/api.w.org\/{rel}","templated":true}]}}