{"id":20,"date":"2021-03-31T18:15:16","date_gmt":"2021-03-31T18:15:16","guid":{"rendered":"https:\/\/therapie-und-mehr.at\/?page_id=20"},"modified":"2022-05-29T20:35:12","modified_gmt":"2022-05-29T20:35:12","slug":"paedagogische-familienberatung","status":"publish","type":"page","link":"https:\/\/therapie-und-mehr.at\/?page_id=20","title":{"rendered":"P\u00e4dagogische Familienberatung"},"content":{"rendered":"\n<p>Trennung oder andere Krisensituationen sind meist f\u00fcr die gesamte Familie eine Belastung. Hier biete ich l\u00f6sungsorientierte Gespr\u00e4che an, wie Sie Ihre Kinder mit ihren Bed\u00fcrfnissen und entsprechend der Entwicklung begleiten. In diesem Sinne suchen wir gemeinsam nach konstruktiven M\u00f6glichkeiten und Spielr\u00e4umen.<\/p>\n\n\n\n<div class=\"is-layout-flex wp-block-buttons\">\n<div class=\"wp-block-button has-custom-font-size has-small-font-size\"><a class=\"wp-block-button__link\" href=\"https:\/\/therapie-und-mehr.at\/?page_id=75\">Doris Boland-Skiera, MSc<\/a><\/div>\n<\/div>\n\n\n\n<p><\/p>\n","protected":false},"excerpt":{"rendered":"<p>Trennung oder andere Krisensituationen sind meist f\u00fcr die gesamte Familie eine Belastung. Hier biete ich l\u00f6sungsorientierte Gespr\u00e4che an, wie Sie Ihre Kinder mit ihren Bed\u00fcrfnissen und entsprechend der Entwicklung begleiten. In diesem Sinne suchen wir gemeinsam nach konstruktiven M\u00f6glichkeiten und Spielr\u00e4umen.<\/p>\n","protected":false},"author":1,"featured_media":0,"parent":0,"menu_order":0,"comment_status":"closed","ping_status":"closed","template":"","meta":[],"_links":{"self":[{"href":"https:\/\/therapie-und-mehr.at\/index.php?rest_route=\/wp\/v2\/pages\/20"}],"collection":[{"href":"https:\/\/therapie-und-mehr.at\/index.php?rest_route=\/wp\/v2\/pages"}],"about":[{"href":"https:\/\/therapie-und-mehr.at\/index.php?rest_route=\/wp\/v2\/types\/page"}],"author":[{"embeddable":true,"href":"https:\/\/therapie-und-mehr.at\/index.php?rest_route=\/wp\/v2\/users\/1"}],"replies":[{"embeddable":true,"href":"https:\/\/therapie-und-mehr.at\/index.php?rest_route=%2Fwp%2Fv2%2Fcomments&post=20"}],"version-history":[{"count":5,"href":"https:\/\/therapie-und-mehr.at\/index.php?rest_route=\/wp\/v2\/pages\/20\/revisions"}],"predecessor-version":[{"id":429,"href":"https:\/\/therapie-und-mehr.at\/index.php?rest_route=\/wp\/v2\/pages\/20\/revisions\/429"}],"wp:attachment":[{"href":"https:\/\/therapie-und-mehr.at\/index.php?rest_route=%2Fwp%2Fv2%2Fmedia&parent=20"}],"curies":[{"name":"wp","href":"https:\/\/api.w.org\/{rel}","templated":true}]}}