{"id":22,"date":"2021-03-31T18:15:16","date_gmt":"2021-03-31T18:15:16","guid":{"rendered":"https:\/\/therapie-und-mehr.at\/?page_id=22"},"modified":"2022-05-29T20:01:15","modified_gmt":"2022-05-29T20:01:15","slug":"hypnosetherapie","status":"publish","type":"page","link":"https:\/\/therapie-und-mehr.at\/?page_id=22","title":{"rendered":"Hypnosetherapie"},"content":{"rendered":"\n<p>Der Begriff stammt von &#8222;Hypnos&#8220;, dem griechischen Gott des Schlafes. Die Hypnose geh\u00f6rt zu den \u00e4ltesten Heilmethoden, ihre positive Wirkungen auf Seele und K\u00f6rper sind in zahlreichen wissenschaftlichen Untersuchungen nachgewiesen. Bei der Hypnose f\u00fchrt der Therapeut den Klienten zu einem ver\u00e4nderten Bewusstseinszustand, den wir Trance nennen. Die wesentlichen Voraussetzungen daf\u00fcr sind Bereitschaft und Vertrauen zwischen Klientin und Therapeutin. <\/p>\n\n\n\n<div class=\"is-layout-flex wp-block-buttons\">\n<div class=\"wp-block-button has-custom-font-size has-small-font-size\"><a class=\"wp-block-button__link\" href=\"https:\/\/therapie-und-mehr.at\/?page_id=76\">Mag. a Marianna Grigorijan<\/a><\/div>\n<\/div>\n\n\n\n<p><\/p>\n\n\n\n<p>In der hypnotischen Trance ver\u00e4ndert sich die K\u00f6rperwahrnehmung, was zumeist als Entspannung erlebt wird und mit Entspannung von Muskulatur und Kreislauf einhergeht. Die Aufmerksamkeit richtet sich nach innen, die Vorstellungskraft wird gesteigert und die N\u00e4he zu Gef\u00fchlen f\u00e4llt leichter. Wenn der Bewusstseinszustand auch ver\u00e4ndert ist, so bleiben doch unsere Werthaltungen, Urteils- und Erinnerungsf\u00e4higkeit erhalten. Heute wei\u00df man, dass die hypnotische Trance ein nat\u00fcrlicher Zustand ist, den fast jeder erleben kann und den wir aus Alltagssituationen, z.B. Tagtr\u00e4umen, kennen.<\/p>\n\n\n\n<p><strong>Hypnose in der Psychotherapie<\/strong><\/p>\n\n\n\n<p>&#8222;Hypnosepsychotherapie&#8220; ist in \u00d6sterreich eine eigenst\u00e4ndige, gesetzlich anerkannte Psychotherapierichtung auf tiefenpsychologischer Basis. Wesentlichen Einfluss haben Technik und Menschenbildes von Milton H. Erickson: Er erkannte, dass das Unbewusste eine Quelle an Ressourcen und Kreativit\u00e4t ist und wichtige Einsichten und L\u00f6sungswege zug\u00e4nglich machen kann.<\/p>\n\n\n\n<p>Hypnosepsychotherapie baut also auf den vorhandenen, m\u00f6glicherweise verborgenen F\u00e4higkeiten des Menschen auf. Diese Ressourcen werden gef\u00f6rdert, unsere Selbstheilungskr\u00e4fte gest\u00e4rkt und positive innere Bilder geschaffen, die uns bestimmte Ziele leichter erreichen lassen.<\/p>\n\n\n\n<p><strong>Vorgehen<\/strong><\/p>\n\n\n\n<p>Nach einem Gespr\u00e4ch \u00fcber die Behandlungsziele lernen Sie unter Anleitung zun\u00e4chst die hypnotische Trance als einen \u00e4u\u00dferst entspannenden und wohltuenden Zustand kennen, der f\u00fcr viele \u00fcberraschend leicht zu erreichen ist. Selbsthypnose erlernen Sie in einem fr\u00fchen Stadium der Therapie: Das verdeutlicht Ihnen Ihre M\u00f6glichkeiten zur Selbstkontrolle und Steuerung, die im Trancezustand gegeben sind. Die Therapie zielt auf die St\u00e4rkung der Selbstverantwortlichkeit und Autonomie des Einzelnen.<\/p>\n","protected":false},"excerpt":{"rendered":"<p>Der Begriff stammt von &#8222;Hypnos&#8220;, dem griechischen Gott des Schlafes. Die Hypnose geh\u00f6rt zu den \u00e4ltesten Heilmethoden, ihre positive Wirkungen auf Seele und K\u00f6rper sind in zahlreichen wissenschaftlichen Untersuchungen nachgewiesen. Bei der Hypnose f\u00fchrt der Therapeut den Klienten zu einem ver\u00e4nderten Bewusstseinszustand, den wir Trance nennen. Die wesentlichen Voraussetzungen daf\u00fcr sind Bereitschaft und Vertrauen zwischen [&hellip;]<\/p>\n","protected":false},"author":1,"featured_media":0,"parent":0,"menu_order":0,"comment_status":"closed","ping_status":"closed","template":"","meta":[],"_links":{"self":[{"href":"https:\/\/therapie-und-mehr.at\/index.php?rest_route=\/wp\/v2\/pages\/22"}],"collection":[{"href":"https:\/\/therapie-und-mehr.at\/index.php?rest_route=\/wp\/v2\/pages"}],"about":[{"href":"https:\/\/therapie-und-mehr.at\/index.php?rest_route=\/wp\/v2\/types\/page"}],"author":[{"embeddable":true,"href":"https:\/\/therapie-und-mehr.at\/index.php?rest_route=\/wp\/v2\/users\/1"}],"replies":[{"embeddable":true,"href":"https:\/\/therapie-und-mehr.at\/index.php?rest_route=%2Fwp%2Fv2%2Fcomments&post=22"}],"version-history":[{"count":7,"href":"https:\/\/therapie-und-mehr.at\/index.php?rest_route=\/wp\/v2\/pages\/22\/revisions"}],"predecessor-version":[{"id":407,"href":"https:\/\/therapie-und-mehr.at\/index.php?rest_route=\/wp\/v2\/pages\/22\/revisions\/407"}],"wp:attachment":[{"href":"https:\/\/therapie-und-mehr.at\/index.php?rest_route=%2Fwp%2Fv2%2Fmedia&parent=22"}],"curies":[{"name":"wp","href":"https:\/\/api.w.org\/{rel}","templated":true}]}}