{"id":23,"date":"2021-03-31T18:15:16","date_gmt":"2021-03-31T18:15:16","guid":{"rendered":"https:\/\/therapie-und-mehr.at\/?page_id=23"},"modified":"2022-03-08T13:51:55","modified_gmt":"2022-03-08T13:51:55","slug":"irrt","status":"publish","type":"page","link":"https:\/\/therapie-und-mehr.at\/?page_id=23","title":{"rendered":"IRRT"},"content":{"rendered":"\n<p> IRRT (Imagery Rescripting &amp; Reprocessing Therapy) In den 1980er und 1990er Jahren entwickelte Mervyn Schmucker, der selbst urspr\u00fcnglich aus der kognitiv-behavioralen Richtung stammt, die IRRT-Methode (Imagery Rescripting and Reprocessing Therapy) als Traumakonfrontationsverfahren f\u00fcr die Arbeit mit Erwachsenen, die in der Kindheit Opfer k\u00f6rperlichen oder sexuellen Missbrauchs waren. Dabei werden belastende Bilder und Blockaden mit Hilfe von <a href=\"https:\/\/therapie-und-mehr.at\/?page_id=24\" data-type=\"page\" data-id=\"24\">Imagination<\/a> und sokratischer Begleitung durch die Therapeutin\/den Therapeuten so ver\u00e4ndert, dass eine Verarbeitung m\u00f6glich ist. <\/p>\n\n\n\n<p> Zusammen mit Rolf K\u00f6ster wurde die Methode seit 2009 so weiterentwickelt, dass sich auch andere St\u00f6rungen mit Verarbeitungsblockaden gut damit behandeln lassen, z.B. Depressionen und \u00c4ngste, Anpassungsst\u00f6rungen, Pers\u00f6nlichkeitsst\u00f6rungen und komplizierte Trauerreaktionen. Gute Erfolge gibt es neuerdings auch bei der Behandlung von bestimmten Suchterkrankungen. Grundvoraussetzung ist eine tragf\u00e4hige Therapeuten-Klienten-Beziehung; kontraindiziert ist die IRRT-Therapie bei zu schweren Traumatisierungen mit ausgepr\u00e4gten Dissoziationen sowie bei fehlendender Symbolisierungsf\u00e4higkeit. <\/p>\n\n\n\n<div class=\"is-layout-flex wp-block-buttons\">\n<div class=\"wp-block-button has-custom-font-size has-small-font-size\"><a class=\"wp-block-button__link\" href=\"https:\/\/therapie-und-mehr.at\/?page_id=125\"> Dr. Christiane Richter <\/a><\/div>\n<\/div>\n","protected":false},"excerpt":{"rendered":"<p>IRRT (Imagery Rescripting &amp; Reprocessing Therapy) In den 1980er und 1990er Jahren entwickelte Mervyn Schmucker, der selbst urspr\u00fcnglich aus der kognitiv-behavioralen Richtung stammt, die IRRT-Methode (Imagery Rescripting and Reprocessing Therapy) als Traumakonfrontationsverfahren f\u00fcr die Arbeit mit Erwachsenen, die in der Kindheit Opfer k\u00f6rperlichen oder sexuellen Missbrauchs waren. Dabei werden belastende Bilder und Blockaden mit Hilfe [&hellip;]<\/p>\n","protected":false},"author":1,"featured_media":0,"parent":0,"menu_order":0,"comment_status":"closed","ping_status":"closed","template":"","meta":[],"_links":{"self":[{"href":"https:\/\/therapie-und-mehr.at\/index.php?rest_route=\/wp\/v2\/pages\/23"}],"collection":[{"href":"https:\/\/therapie-und-mehr.at\/index.php?rest_route=\/wp\/v2\/pages"}],"about":[{"href":"https:\/\/therapie-und-mehr.at\/index.php?rest_route=\/wp\/v2\/types\/page"}],"author":[{"embeddable":true,"href":"https:\/\/therapie-und-mehr.at\/index.php?rest_route=\/wp\/v2\/users\/1"}],"replies":[{"embeddable":true,"href":"https:\/\/therapie-und-mehr.at\/index.php?rest_route=%2Fwp%2Fv2%2Fcomments&post=23"}],"version-history":[{"count":5,"href":"https:\/\/therapie-und-mehr.at\/index.php?rest_route=\/wp\/v2\/pages\/23\/revisions"}],"predecessor-version":[{"id":389,"href":"https:\/\/therapie-und-mehr.at\/index.php?rest_route=\/wp\/v2\/pages\/23\/revisions\/389"}],"wp:attachment":[{"href":"https:\/\/therapie-und-mehr.at\/index.php?rest_route=%2Fwp%2Fv2%2Fmedia&parent=23"}],"curies":[{"name":"wp","href":"https:\/\/api.w.org\/{rel}","templated":true}]}}