{"id":452,"date":"2023-01-17T15:46:43","date_gmt":"2023-01-17T15:46:43","guid":{"rendered":"https:\/\/therapie-und-mehr.at\/?page_id=452"},"modified":"2023-02-02T16:51:42","modified_gmt":"2023-02-02T16:51:42","slug":"mag-a-ursula-fischer","status":"publish","type":"page","link":"https:\/\/therapie-und-mehr.at\/?page_id=452","title":{"rendered":"Mag.a Ursula Fischer"},"content":{"rendered":"\n<div class=\"wp-block-media-text alignwide is-stacked-on-mobile\" style=\"grid-template-columns:38% auto\"><figure class=\"wp-block-media-text__media\"><img decoding=\"async\" loading=\"lazy\" width=\"270\" height=\"253\" src=\"https:\/\/therapie-und-mehr.at\/wp-content\/uploads\/2023\/01\/Ursula-Fischer-1.jpg\" alt=\"\" class=\"wp-image-456 size-full\"\/><\/figure><div class=\"wp-block-media-text__content\">\n<p>Klinische und Gesundheitspsychologin<\/p>\n\n\n\n<p><\/p>\n\n\n\n<p><\/p>\n\n\n\n<div class=\"is-layout-flex wp-block-buttons\">\n<div class=\"wp-block-button has-custom-font-size has-small-font-size\"><a class=\"wp-block-button__link wp-element-button\" href=\"https:\/\/therapie-und-mehr.at\/?page_id=157\">Psychologie<\/a><\/div>\n<\/div>\n<\/div><\/div>\n\n\n\n<p><strong>Schwerpunkte:<\/strong><\/p>\n\n\n\n<ul>\n<li>Belastungen und Krisen\n<ul>\n<li>Belastungen und Krisen<\/li>\n\n\n\n<li>Schlafst\u00f6rungen<\/li>\n\n\n\n<li>Stress und Burnout<\/li>\n\n\n\n<li>Depression<\/li>\n\n\n\n<li>Folgen von Covid 19<\/li>\n\n\n\n<li><\/li>\n<\/ul>\n<\/li>\n\n\n\n<li>Familie, Partnerschaft und Ehe\n<ul>\n<li>Familienberatung<\/li>\n\n\n\n<li>Elternberatung, Erziehungsberatung<\/li>\n\n\n\n<li>Ehe- und Paarberatung<\/li>\n\n\n\n<li>Beziehungsberatung<\/li>\n\n\n\n<li><\/li>\n<\/ul>\n<\/li>\n\n\n\n<li>Schule, Studium und Beruf\n<ul>\n<li>Wege zum Erfolg<\/li>\n\n\n\n<li>Schul-, Studium- und Berufswahl<\/li>\n\n\n\n<li>Lerntechnik, Konzentration, Motivation<\/li>\n\n\n\n<li>Aufschiebeverhalten \u2013 Prokrastination<\/li>\n\n\n\n<li>Pr\u00fcfungsangst, sozialen \u00c4ngsten<\/li>\n\n\n\n<li>Konflikte und Mobbing<\/li>\n\n\n\n<li><\/li>\n<\/ul>\n<\/li>\n\n\n\n<li>Selbstbewusstsein, Selbstbehauptung, Selbstverteidigung<\/li>\n<\/ul>\n\n\n\n<ul>\n<li>Sport und Leistungssport<\/li>\n<\/ul>\n\n\n\n<p><\/p>\n\n\n\n<p><strong>Zielgruppe:<\/strong> <\/p>\n\n\n\n<ul>\n<li>Jugendliche ab 1. Klasse Unterstufe<\/li>\n\n\n\n<li>Student:innen<\/li>\n\n\n\n<li>Erwachsene<\/li>\n\n\n\n<li>Senior:innen<\/li>\n\n\n\n<li>Familien<\/li>\n\n\n\n<li>Paare<\/li>\n<\/ul>\n\n\n\n<p><\/p>\n\n\n\n<p><strong>Kontakt:<\/strong><\/p>\n\n\n\n<p><a rel=\"noreferrer noopener\" href=\"https:\/\/www.psychologin-beratung.at\/\" data-type=\"URL\" data-id=\"http:\/\/www.psychologin-fast.at\" target=\"_blank\">https:\/\/www.psychologin-beratung.at\/<\/a><br>Termine nach Vereinbarung unter 0677\/ 648 508 08 oder <a href=\"uf@therapie-und-mehr.at\">uf@therapie-und-mehr.at<\/a><\/p>\n\n\n\n<p>Online-Beratung <\/p>\n\n\n\n<p>Beratung auf Englisch<\/p>\n\n\n\n<p><\/p>\n\n\n\n<h4><strong>\u00dcber mich:<\/strong><\/h4>\n\n\n\n<p>Ich bin Psychologin mit Leib und Seele !<\/p>\n\n\n\n<p>Seit 2013 auch Klinische und Gesundheitspsychologin.<\/p>\n\n\n\n<p>Das Studium der Psychologie habe ich 1996 an der Universit\u00e4t Wien abgeschlossen, das Psychotherapeutische Prop\u00e4deutikum 2000.<\/p>\n\n\n\n<p>Durch meine Arbeit als Psychologin, Sozialp\u00e4dagogin, Trainerin und Klinische- und Gesundheitspsychologin habe ich langj\u00e4hrige Erfahrung mit:<\/p>\n\n\n\n<ul>\n<li>Kindern, Jugendlichen, Erwachsenen und Senior:innen in stark belastenden Situationen<\/li>\n\n\n\n<li>Eltern, Familien und Beziehungen<\/li>\n\n\n\n<li>Konflikten und Mobbing<\/li>\n\n\n\n<li>Depressionen, \u00c4ngsten und Essst\u00f6rungen<\/li>\n\n\n\n<li>Lerntechnik und Ged\u00e4chtnistraining<\/li>\n\n\n\n<li>Selbstbehauptung, Selbstverteidigung<\/li>\n<\/ul>\n\n\n\n<p>Ich lebe, was ich liebe, ich liebe, was ich tue.<\/p>\n\n\n\n<p><strong>Meine Methoden:<\/strong><\/p>\n\n\n\n<p>Mein Ziel in der psychologischen Beratung und Betreuung ist es, Sie ganz individuell und wertsch\u00e4tzend bestm\u00f6glich zu unterst\u00fctzen. Es macht mir Freude, mich in Menschen und Situationen einzuf\u00fchlen und gemeinsam mit Ihnen die f\u00fcr Sie passenden L\u00f6sungen zu finden. Daf\u00fcr kombiniere ich bew\u00e4hrte Elemente aus <a href=\"https:\/\/www.psychologin-beratung.at\/Home\/angebot#methoden\">verschiedenen Therapierichtungen und Trainings.<\/a><\/p>\n\n\n\n<p>In meiner psychologischen Beratung und Betreuung bietet ich Ihnen Hilfe an: professionell, pers\u00f6nlich und einf\u00fchlsam. Meine Grundhaltungen sind:<\/p>\n\n\n\n<ul>\n<li>Wertsch\u00e4tzung, Verst\u00e4ndnis und W\u00e4rme<\/li>\n\n\n\n<li>Kompetenz, Professionalit\u00e4t und Kreativit\u00e4t<\/li>\n\n\n\n<li>Vertraulichkeit und Verschwiegenheit<\/li>\n<\/ul>\n","protected":false},"excerpt":{"rendered":"<p>Schwerpunkte: Zielgruppe: Kontakt: https:\/\/www.psychologin-beratung.at\/Termine nach Vereinbarung unter 0677\/ 648 508 08 oder uf@therapie-und-mehr.at Online-Beratung Beratung auf Englisch \u00dcber mich: Ich bin Psychologin mit Leib und Seele ! Seit 2013 auch Klinische und Gesundheitspsychologin. Das Studium der Psychologie habe ich 1996 an der Universit\u00e4t Wien abgeschlossen, das Psychotherapeutische Prop\u00e4deutikum 2000. Durch meine Arbeit als Psychologin, Sozialp\u00e4dagogin, [&hellip;]<\/p>\n","protected":false},"author":1,"featured_media":0,"parent":0,"menu_order":0,"comment_status":"closed","ping_status":"closed","template":"","meta":[],"_links":{"self":[{"href":"https:\/\/therapie-und-mehr.at\/index.php?rest_route=\/wp\/v2\/pages\/452"}],"collection":[{"href":"https:\/\/therapie-und-mehr.at\/index.php?rest_route=\/wp\/v2\/pages"}],"about":[{"href":"https:\/\/therapie-und-mehr.at\/index.php?rest_route=\/wp\/v2\/types\/page"}],"author":[{"embeddable":true,"href":"https:\/\/therapie-und-mehr.at\/index.php?rest_route=\/wp\/v2\/users\/1"}],"replies":[{"embeddable":true,"href":"https:\/\/therapie-und-mehr.at\/index.php?rest_route=%2Fwp%2Fv2%2Fcomments&post=452"}],"version-history":[{"count":7,"href":"https:\/\/therapie-und-mehr.at\/index.php?rest_route=\/wp\/v2\/pages\/452\/revisions"}],"predecessor-version":[{"id":501,"href":"https:\/\/therapie-und-mehr.at\/index.php?rest_route=\/wp\/v2\/pages\/452\/revisions\/501"}],"wp:attachment":[{"href":"https:\/\/therapie-und-mehr.at\/index.php?rest_route=%2Fwp%2Fv2%2Fmedia&parent=452"}],"curies":[{"name":"wp","href":"https:\/\/api.w.org\/{rel}","templated":true}]}}